at is the tens digit of 211472?
7
What is the tens digit of 3552561?
6
What is the units digit of 2333164?
4
What is the millions digit of 1489114?
1
What is the hundreds digit of 690829?
8
What is the hundreds digit of 759822?
8
What is the thousands digit of 335791?
5
What is the tens digit of 282240?
4
What is the hundreds digit of 1162592?
5
What is the hundred thousands digit of 543955?
5
What is the ten thousands digit of 297247?
9
What is the tens digit of 465083?
8
What is the units digit of 248840?
0
What is the thousands digit of 7207521?
7
What is the thousands digit of 625355?
5
What is the thousands digit of 1064693?
4
What is the hundreds digit of 11934?
9
What is the ten thousands digit of 647828?
4
What is the hundreds digit of 77025?
0
What is the units digit of 47619?
9
What is the tens digit of 1232953?
5
What is the hundred thousands digit of 987750?
9
What is the ten thousands digit of 2968865?
6
What is the hundreds digit of 170792?
7
What is the thousands digit of 445076?
5
What is the units digit of 3055029?
9
What is the thousands digit of 514368?
4
What is the tens digit of 4261895?
9
What is the thousands digit of 40676?
0
What is the units digit of 562743?
3
What is the tens digit of 19059717?
1
What is the hundreds digit of 185075?
0
What is the units digit of 345491?
1
What is the tens digit of 8973550?
5
What is the thousands digit of 540778?
0
What is the thousands digit of 18648745?
8
What is the thousands digit of 6777133?
7
What is the hundreds digit of 469770?
7
What is the millions digit of 7425878?
7
What is the hundred thousands digit of 37061332?
0
What is the units digit of 293367?
7
What is the thousands digit of 404331?
4
What is the hundred thousands digit of 1527243?
5
What is the thousands digit of 312281?
2
What is the ten thousands digit of 747229?
4
What is the thousands digit of 1284291?
4
What is the thousands digit of 7936593?
6
What is the units digit of 5482690?
0
What is the thousands digit of 3445381?
5
What is the units digit of 904657?
7
What is the hundred thousands digit of 1451547?
4
What is the millions digit of 17739002?
7
What is the hundred thousands digit of 1814699?
8
What is the hundred thousands digit of 1210327?
2
What is the thousands digit of 3337124?
7
What is the thousands digit of 46426?
6
What is the ten thousands digit of 821512?
2
What is the hundreds digit of 1827532?
5
What is the hundreds digit of 2245075?
0
What is the thousands digit of 2390201?
0
What is the tens digit of 362752?
5
What is the thousands digit of 183428?
3
What is the hundred thousands digit of 1891276?
8
What is the hundreds digit of 5632646?
6
What is the thousands digit of 245114?
5
What is the ten thousands digit of 145512?
4
What is the hundreds digit of 229420?
4
What is the units digit of 75538?
8
What is the units digit of 760690?
0
What is the millions digit of 4823897?
4
What is the hundred thousands digit of 822231?
8
What is the thousands digit of 45661?
5
What is the hundred thousands digit of 4400565?
4
What is the hundreds digit of 7034?
0
What is the hundred thousands digit of 7573302?
5
What is the ten thousands digit of 13148282?
4
What is the thousands digit of 5597650?
7
What is the units digit of 513986?
6
What is the tens digit of 3106157?
5
What is the hundreds digit of 193132?
1
What is the hundred thousands digit of 15032431?
0
What is the tens digit of 34208?
0
What is the hundreds digit of 17409213?
2
What is the hundred thousands digit of 17882423?
8
What is the hundreds digit of 36838?
8
What is the ten thousands digit of 1511446?
1
What is the thousands digit of 174905?
4
What is the hundred thousands digit of 323962?
3
What is the thousands digit of 9975355?
5
What is the hundreds digit of 26185?
1
What is the hundreds digit of 1756652?
6
What is the hundred thousands digit of 233349?
2
What is the hundreds digit of 233519?
5
What is the hundreds digit of 10102608?
6
What is the ten millions digit of 19470966?
1
What is the ten thousands digit of 179836?
7
What is the hundreds digit of 21305639?
6
What is the hundred thousands digit of 100039?
1
What is the thousands digit of 9261359?
1
What is the millions digit of 10732484?
0
What is the thousands digit of 23139?
3
What is the tens digit of 3029837?
3
What is the thousands digit of 348018?
8
What is the millions digit of 3882925?
3
What is the hundreds digit of 194094?
0
What is the units digit of 273670?
0
What is the millions digit of 11308496?
1
What is the units digit of 1362512?
2
What is the thousands digit of 131369?
1
What is the ten thousands digit of 1014132?
1
What is the tens digit of 1828768?
6
What is the hundred thousands digit of 720980?
7
What is the units digit of 9725335?
5
What is the thousands digit of 109598?
9
What is the ten thousands digit of 642677?
4
What is the hundred thousands digit of 296471?
2
What is the tens digit of 412734?
3
What is the thousands digit of 39818?
9
What is the ten thousands digit of 884707?
8
What is the ten thousands digit of 922032?
2
What is the tens digit of 99714?
1
What is the millions digit of 3841989?
3
What is the hundreds digit of 6356789?
7
What is the tens digit of 18258?
5
What is the millions digit of 10465468?
0
What is the millions digit of 2949126?
2
What is the hundred thousands digit of 686628?
6
What is the ten thousands digit of 3897818?
9
What is the hundred thousands digit of 184179?
1
What is the units digit of 9053393?
3
What is the tens digit of 125266?
6
What is the units digit of 3689654?
4
What is the thousands digit of 14081777?
1
What is the thousands digit of 37522?
7
What is the thousands digit of 15041?
5
What is the hundreds digit of 487967?
9
What is the hundreds digit of 284205?
2
What is the millions digit of 1439392?
1
What is the ten thousands digit of 1685574?
8
What is the tens digit of 42414?
1
What is the hundreds digit of 140825?
8
What is the millions digit of 2843850?
2
What is the millions digit of 4144162?
4
What is the thousands digit of 1028902?
8
What is the hundred thousands digit of 1074320?
0
What is the hundred thousands digit of 158228?
1
What is the thousands digit of 202252?
2
What is the millions digit of 8958075?
8
What is the ten thousands digit of 1329369?
2
What is the thousands digit of 239615?
9
What is the units digit of 2516623?
3
What is the ten thousands digit of 676145?
7
What is the hundreds digit of 9049178?
1
What is the hundred thousands digit of 141344?
1
What is the tens digit of 9131989?
8
What is the hundreds digit of 58774?
7
What is the hundred thousands digit of 24756532?
7
What is the hundred thousands digit of 3102344?
1
What is the thousands digit of 6497980?
7
What is the ten thousands digit of 321916?
2
What is the tens digit of 417877?
7
What is the hundred thousands digit of 2035012?
0
What is the hundred thousands digit of 10607332?
6
What is the thousands digit of 118744?
8
What is the thousands digit of 1085913?
5
What is the ten thousands digit of 5374613?
7
What is the tens digit of 49673?
7
What is the millions digit of 5430285?
5
What is the hundred thousands digit of 184132?
1
What is the tens digit of 2921621?
2
What is the millions digit of 17351187?
7
What is the millions digit of 8320442?
8
What is the millions digit of 23267666?
3
What is the thousands digit of 12026772?
6
What is the millions digit of 3350833?
3
What is the tens digit of 8531155?
5
What is the units digit of 1095603?
3
What is the units digit of 7733015?
5
What is the hundred thousands digit of 372082?
3
What is the ten thousands digit of 183995?
8
What is the hundreds digit of 150183?
1
What is the hundred thousands digit of 6647414?
6
What is the tens digit of 2793368?
6
What is the units digit of 9965244?
4
What is the units digit of 525253?
3
What is the tens digit of 946090?
9
What is the hundreds digit of 914770?
7
What is the hundred thousands digit of 9168289?
1
What is the units digit of 1824760?
0
What is the thousands digit of 450852?
0
What is the hundreds digit of 390566?
5
What is the units digit of 131998?
8
What is the thousands digit of 6396322?
6
What is the ten thousands digit of 1534928?
3
What is the units digit of 1152517?
7
What is the units digit of 1700881?
1
What 